digit of w?
8
Suppose -5*y + 2625 + 1185 = 0. Suppose -2*i - y = -5*k, 44 = k + 3*i - 105. What is the units digit of k?
2
Suppose 10*p - 111 - 9 = 0. Let l = p + 16. What is the tens digit of l?
2
Suppose 4 - 2 = c. Suppose -2*o - 4*k = -4, c*o = -3*o + 3*k - 3. Suppose o = -5*b - 8 - 2, -4*b = 3*d - 43. What is the tens digit of d?
1
Let b = -100 + 114. Suppose -b*n + 1584 = -3*n. What is the hundreds digit of n?
1
Let z = 61 + -21. Suppose -4*h + 22 = 3*d, 3*d - 10 = -3*h + 8. Suppose -8 = -j - 0*i + 3*i, 2*j = -d*i + z. What is the units digit of j?
7
Suppose 12*d - 22*d + 3760 = 0. Let y = d - 104. What is the hundreds digit of y?
2
Let w(u) = -41*u + 3. Let p be w(-1). Let q be (-6)/15 - p/(-10). Suppose 4*v = 3*m - 14, -q*m + 2*v + 27 - 5 = 0. What is the units digit of m?
6
Let s be 3 - (-1 - 8 - 2) - -1. Let y = -62 + 88. Let v = y - s. What is the units digit of v?
1
Let x = 219 - -1. Suppose 4*g = 8 + x. What is the units digit of g?
7
Suppose u = -3*v - 2*v - 17, 0 = -4*v - u - 14. Suppose -4*k + 0*a - 3*a = -240, -3*a = 5*k - 297. What is the tens digit of v/2*(-2318)/k?
6
Let x be (-22)/(-55) + (-64)/10. What is the tens digit of (4/x)/(16/(-504))?
2
Let w(l) = -5*l**2 + 2*l + 15. Let x(j) = j**2 + j + 1. Let n(o) = -w(o) - 3*x(o). What is the units digit of n(8)?
0
What is the hundreds digit of (-5)/((-140)/33664) + 8/(-28)?
2
Suppose -4*u = -7 - 5. Suppose -2*t - 28 = -u*t. What is the units digit of (-4)/t - (-254)/14?
8
Suppose -2990 = 13*q - 11882. What is the hundreds digit of q?
6
Suppose 0 = -4*m - 2*m. Let g(y) = y**3 + y - 25. Let o be g(m). Let f = o + 43. What is the units digit of f?
8
Suppose 181 - 2136 = -5*v + i, -25 = 5*i. What is the hundreds digit of v?
3
Let x(b) = b**2 - 3*b. Suppose -6 = -3*n + 3. Let t be x(n). What is the units digit of (4 + t)*1/4?
1
Let h = 177 + -254. Let m = 180 + h. What is the tens digit of m?
0
Suppose 56*c - 51*c + 65 = 0. Let k(l) = l**2 + l - 1. Let b(w) = -13*w + 13. Let z(y) = b(y) - k(y). What is the units digit of z(c)?
7
Let a be ((-48)/14)/((-4)/28). Suppose 3*j + 36 = 3*w, 2*j = -0*w - w - a. What is the units digit of ((-18)/(-4))/(j/(-168))?
3
What is the thousands digit of ((-3)/(-12))/1 - 192164/(-112)?
1
Suppose 104 = -h + 394. Let b = h - 98. Let j = b + -133. What is the tens digit of j?
5
Let t(u) = 7*u**3 - 6*u - 53. What is the hundreds digit of t(7)?
3
Let n(t) be the second derivative of t**4/12 + t**3/3 - 4*t**2 + 8*t. Let x be n(-4). Suppose x = p + 3*p - 260. What is the units digit of p?
5
Let i be -37 - (2 + -5 + 3). Let w = 0 - i. Suppose w = 4*l - 23. What is the units digit of l?
5
Let a be (-16)/(-6) - 7/(-21). Suppose -a*f = 2*f - 2*c - 25, 8 = -f + 3*c. What is the units digit of f?
7
Let r(h) = h**2 + 5*h - 7. Let l be r(-3). Let w = 17 + l. Suppose -6*b - 40 = -w*p - 3*b, 0 = -5*p + 3*b + 53. What is the units digit of p?
3
Let k = 3456 + -1902. What is the units digit of k?
4
Let g(u) = -10 + 8 + 813*u + 6. Let f be g(2). What is the tens digit of 2/(-9) + f/45?
3
Let c = -8 - 15. Let l = c - -11. What is the units digit of (-4)/l*9 - -3?
6
Suppose -2*m + 4*l = 22, 3*m - 3*l = 6*m - 3. What is the tens digit of ((-184)/6)/(1/m)?
9
Let a(p) = 26*p**2 + 2*p - 17*p**2 - 2*p + p**3. Let y be a(-9). Suppose 0 = -2*z + 3*g - y*g + 9, g = z - 5. What is the units digit of z?
6
What is the tens digit of (0 - (0 + 3)) + 2278 + -25?
5
What is the hundreds digit of (4/(-12))/((-4)/6)*294?
1
Suppose 31*g - 2607 = 3810. What is the tens digit of g?
0
Let d = -1 - -2. Let p be 0/(5/d + -3). What is the units digit of (p - 2)/((-2)/3)?
3
Let f be ((-96)/54)/(-8) - (-43)/9. Suppose -2*q + 451 = f*d, -4*d - 313 - 306 = -3*q. What is the units digit of q?
3
Let i be 2*(89/(-2))/(-1). Let y = i - 43. What is the units digit of y?
6
Let a(y) = 40 - 15*y - 3*y**2 - 50 + 2*y**2. What is the units digit of a(-11)?
4
Let k(o) = -2*o**2 + 44*o + 47. What is the tens digit of k(19)?
6
Let y(r) = r**3 - 21*r**2 - 11. Let s be y(21). Let x(m) = -m**3 - 11*m**2 - 18*m - 24. What is the units digit of x(s)?
4
Suppose 13*r - 41 - 11 = 0. Suppose -r*y + 248 = -2*y. What is the tens digit of y?
2
Let v be (44/(-8) - -1)*10/(-15). Suppose -5*t + v*s + 162 = 4*s, -158 = -5*t + s. What is the tens digit of t?
3
Let y(a) = 1247*a - 79. What is the tens digit of y(3)?
6
Let i(j) = -j**3 - 6*j**2 - j - 2. Let p be i(-6). Suppose x + p*l - 45 = 0, x = -2*x + 2*l + 163. What is the tens digit of x?
5
Let v(o) = -158*o + 16. What is the units digit of v(-6)?
4
What is the thousands digit of 8/(-216)*-6 - (-9646)/9?
1
Let y(u) = -u**3 + 8*u**2 - u - 4. Suppose -x = -0*x - 4. Let j = x - 1. What is the units digit of y(j)?
8
Let l(n) = n**3 + 23*n**2 + 71*n - 49. What is the hundreds digit of l(-17)?
4
Let t(n) = -n**2 - 7*n - 11. Let w be t(-6). Let q be (-1)/w + (-24)/(-5). Suppose 0 = a + q*r - 76, r = a + 5*r - 72. What is the tens digit of a?
5
Let l be (-4)/16 - 3/(-12). Suppose l = 5*i - 126 - 654. Suppose 0*z = 4*z - i. What is the tens digit of z?
3
Suppose 7 = -d + 5*t, 3*d = 2*t - 1 + 6. Suppose d*b + 2148 = 15*b. What is the hundreds digit of b?
1
Let k be 96/36 + (-1)/(-3). Let y(f) = -3*f + 4*f**2 - 2*f**k + 3*f**3 + 8*f**2 - 5*f**2 + 9. What is the tens digit of y(-7)?
3
Let i(s) = 5*s**2 - 2*s + 2. Let h(k) = 14*k**2 - 7*k + 6. Let r be 2/11 - 24/11. Let q(z) = r*h(z) + 7*i(z). What is the units digit of q(2)?
0
Suppose -79 = 5*q - 2*q - 5*r, 0 = -3*q - 5*r - 29. Let a be (-842)/q - 6/(-27). Suppose -12 = 5*z - a. What is the units digit of z?
7
Suppose -4*o = -0*o - 8. Suppose 2*u + 36 = o*q, 3*q - 3*u - 53 = u. Suppose -2*s + s = -q. What is the tens digit of s?
1
Suppose -o = -1938 + 406. What is the tens digit of o?
3
Suppose 6*j - 63 = 9. Let g be ((-3)/9)/((-1)/15). What is the units digit of (9 - g)*21/j?
7
Suppose 2*a = -2*u + 2, 2*u + 1 = -3*a + 2*a. Suppose 3*f - 146 - 1 = -p, 0 = a*p - 5*f - 455. What is the tens digit of p?
5
Suppose -u + 0*u + c = 0, 0 = -2*u - 4*c + 12. What is the tens digit of 62*u/(12/3)?
3
Suppose -82*u + 100446 = -128088. What is the tens digit of u?
8
What is the units digit of 2808/56 - -4*(-1)/28?
0
Suppose -12*q = -4167 - 2121. What is the units digit of q?
4
Let c(b) = 7*b + 24. Let h be c(-9). Let g be 2/(-1*2) - -5. Let v = g - h. What is the units digit of v?
3
Let b = -75 + 34. What is the units digit of (-15)/(-90) + b/(-6)?
7
Let s = -6 + 9. Suppose -s = -p + 9. What is the units digit of p/16 - 52/(-16)?
4
Let a(k) = -11 + 24*k + 2 - 14*k + 45*k. What is the units digit of a(3)?
6
Let x(h) = h**3 - 13*h**2 + 13*h - 45. What is the hundreds digit of x(14)?
3
Suppose 6*m - 16 = 14*m. Let t = 49 - m. What is the units digit of t?
1
Suppose 0 = -2*u - 4, 0 = 2*z + u - 3471 - 399. What is the hundreds digit of z?
9
Suppose 2*c = -18 + 34. Let d(s) = 22*s - 14. What is the hundreds digit of d(c)?
1
Suppose -53*s = -49*s - 1932. Suppose -s - 518 = -7*f. What is the hundreds digit of f?
1
Let x = -24 - -42. Let a = -8 + x. What is the units digit of 5/25 - (-58)/a?
6
Suppose 75 = -3*n + 825. What is the units digit of n?
0
Let v(u) = -u**3 + 55*u**2 - 110*u + 13. What is the tens digit of v(52)?
0
Let d be 292/(-18) - 18/(-81). Let s(z) be the first derivative of z**3/3 + 13*z**2/2 - 4*z + 15. What is the tens digit of s(d)?
4
Suppose -5*y = -284 - 486. Suppose 0 = 2*x - 5*q - y, -q = 3*q + 8. What is the units digit of x?
2
Let y = -7539 - -10700. What is the tens digit of y?
6
Suppose 4*l = 3*x + 127, 5*l - 2*x - 153 = -4*x. Let a = l - -50. Suppose -v - 135 = -5*g, -4*v + a = 3*g - 2*v. What is the tens digit of g?
2
Let q(t) = -4*t**3 - t**2 + t + 1. Let s be q(-1). Let c be 9 + s*(-1)/1. Suppose -y + c*y = 50. What is the units digit of y?
0
Let d = -5428 - -8031. What is the hundreds digit of d?
6
Let c(u) = 45*u + 0 + 2 - 12*u + 0. What is the tens digit of c(1)?
3
Let u(b) = b**3 + 13*b**2 + 3*b - 5. Let c be u(-12). Suppose 5*l - 47 = 5*r + c, 104 = 3*l + 4*r. What is the units digit of l?
2
Let f = 31 + -24. Suppose f*q - 135 = 110. What is the units digit of q?
5
Let w = 3416 + -1091. What is the hundreds digit of w?
3
Suppose 3456 = 13*x - 5*x. Suppose 7*g + x = 10*g. What is the units digit of g?
4
Let p(y) = 4 + 4*y*